 Determine c(x).
3
Let a(q) = 2*q**2 - 2*q. Let g(p) = 4*p**2 - 5*p + 1. Let c(z) = -5*a(z) + 3*g(z). Give c(3).
6
Let n(s) = -27 + 31 + 17*s**2 + 0*s - 2*s - 18*s**2. Let w(m) be the first derivative of m**2/2 + 1. Let l(b) = n(b) - 5*w(b). Determine l(-7).
4
Suppose r + 2*t + 2*t = 24, 20 = 4*t. Let x(k) be the second derivative of 0 - 1/2*k**2 + 1/3*k**3 + 1/6*k**r - 3*k. Give x(1).
3
Let l(x) = 2*x - 9. Let i be l(8). Let u(k) = -k - 41 - 40 - 36 + 127. Calculate u(i).
3
Suppose -19*d + 21*d + 11 = 3*r, -r = -3*d + 1. Let v(a) be the second derivative of 7/2*a**2 - 5/6*a**3 - 1/20*a**5 + d*a + 7/12*a**4 + 0. Give v(6).
13
Let d(n) be the third derivative of -5*n**4/24 - n**3/3 - 549*n**2. Determine d(-1).
3
Let b(h) = -6*h**2 - h. Suppose 3*c = 0, x = -0*c - 4*c + 5. Suppose x = -3*k + 2*p - 2, -19 = -4*k - 3*p. Calculate b(k).
-7
Let d(w) = w**3 + 8*w**2 + 9*w + 2. Let b be ((-2)/(-5))/((-3)/(-45)*-1). What is d(b)?
20
Let k = 3 - 1. Suppose 0 = -k*v - 3*v - 20. Let l(j) = 5*j**2 + 2*j - 39. Let o(u) = -7*u**2 - 2*u + 57. Let x(f) = 3*l(f) + 2*o(f). Determine x(v).
5
Let i(g) = -16*g**3 + 3*g + 2. Let u = 182 - 183. Calculate i(u).
15
Let a be (-2)/(-6)*336/4. Suppose 3*o - 2 = a. Let d be 72/(-90)*o/(-4). Let g(w) = -3*w + 3. Determine g(d).
-3
Let w(j) = -11*j - 2. Let p(x) = -5*x - 7. Let q(o) = -5*o - 6. Let m(d) = -5*p(d) + 6*q(d). Let s(a) = -9*m(a) + 4*w(a). Suppose -2 = z + 3. Calculate s(z).
-4
Suppose -6*l = -l + 5. Let q(s) be the second derivative of 4*s**3/3 + 31*s. Give q(l).
-8
Suppose 3*i + 42 = 21. Let a be i - (1/(-1) - 2). Let p(w) = -3*w + 2. Let n(z) = z - 1. Let j(g) = 2*n(g) + p(g). What is j(a)?
4
Let r(v) = -5*v + 1. Let m be r(-1). Let l(d) = -5*d - 2. Let a(n) = -4*n - 1. Let k(s) = -3*a(s) + 2*l(s). Calculate k(m).
11
Let d(k) be the third derivative of -8*k**2 + 1/40*k**5 - k**3 - 1/12*k**4 + 0 + 1/360*k**6 + 0*k. Let c(u) be the first derivative of d(u). Calculate c(-4).
2
Let x(g) be the third derivative of g**8/1680 - g**7/2520 + g**5/120 - 5*g**4/12 - g**2. Let p(m) be the second derivative of x(m). Calculate p(-1).
-4
Let a(m) = -5*m**2 + 10*m - 2. Let n(x) = 16*x**2 - 26*x + 6. Let y(l) = 8*a(l) + 3*n(l). Give y(-1).
8
Let f be (-42)/(-5) - 24/60. Suppose 5*z + 5*v = 0, -f = -2*z - 3*v + 5*v. Let h(i) = -5*i + 1. What is h(z)?
-9
Let d(h) = h**3 + 3. Suppose -2*m + 4*m = -3*s + 4, 3 = 2*s + m. Suppose -6 - 14 = 5*p - 5*k, 12 = -s*p + 3*k. Determine d(p).
3
Let a(t) = -t**2 - 28*t - 178. Let y be a(-19). Let w(z) = 3*z + 16. Give w(y).
-5
Let b(f) = f**2 - 3*f + 2. Let m be b(3). Let n(p) = 2*p**2 - 2*p - 3. Let z(j) = 2*j**2 - 2*j - 2. Let d(h) = 2*n(h) - 3*z(h). Determine d(m).
-4
Let l(o) = o**3 - 20*o**2 + 82*o + 4. Let q be l(6). Let i(m) = -2*m**2 - 13*m - 12. What is i(q)?
-36
Suppose -5*q - 7 = -2*p + 3*p, 5*p + 6 = 4*q. Let t(n) = n**3 + 3*n**2 - n. What is t(p)?
6
Let o(x) be the third derivative of 0*x - 1/40*x**5 + 0*x**3 + 0 - 1/6*x**4 - 1/120*x**6 - 5*x**2. Let z(m) be the second derivative of o(m). Determine z(-3).
15
Let p(q) = 3*q - 10. Let y be p(9). Let c(s) = 6*s. Let t(b) = b. Let j(z) = -c(z) + 3*t(z). Let x(u) = 8*u + 1. Let l(k) = y*j(k) + 6*x(k). What is l(5)?
-9
Let q(i) = i**2 - 6*i - 1. Let p = 11 - 2. Let s(d) = d**2 - 10*d + 12. Let c be s(p). Suppose -5*z + 2*z - 5*h + 25 = 0, z - 4*h + c = 0. Determine q(z).
-6
Let q(n) = -n**2 + 26*n - 113. Let r be q(21). Let k(p) = p**2 + 10*p + 20. Calculate k(r).
4
Suppose 3*r = -0*u - 2*u + 80, 3*u = -5*r + 132. Suppose -i - 3*i - r = 0. Let d(z) = -2*z + 27*z - 14*z - 10*z. Calculate d(i).
-6
Let p(k) = -k**3 + k**2 - k - 1. Let v(q) = -2*q**3 + 10*q**2 - 10*q. Let a(t) = 3*p(t) - v(t). Calculate a(-8).
5
Let y(v) = v**3 + 10*v**2 - 10*v + 11. Suppose 0 = -m + 21*a - 20*a - 11, -11 = m + 2*a. Determine y(m).
0
Suppose 10 = 66*n - 67*n + 3*x, -5*n - 4*x = 12. Let o(g) = -g**3 - 4*g**2 + 6*g + 9. What is o(n)?
-15
Let l(o) be the second derivative of -o**4/6 - 5*o**3/6 - 2*o**2 - 13*o + 1. What is l(-4)?
-16
Suppose 3*q = 5*q. Let r be ((-6)/4)/(24/(-16)). Let t be -2 + q + (r - 4). Let b(c) = c**2 + 5*c - 2. Determine b(t).
-2
Let p(f) = 8*f**2 + f. Suppose -4*y = -5*y + 4*i - 11, 0 = -3*y + 5*i - 12. Determine p(y).
9
Let h(b) = -7*b - 2. Let t = 99 + -96. Determine h(t).
-23
Let w(h) be the first derivative of -h**4/4 - 3*h**3 - 2*h**2 - 99. What is w(-8)?
-32
Let i = 24 + -20. Let g be (i/8)/(1/(-18)). Let u be ((-3)/g)/(2/(-30)). Let n(t) = -t**3 - 4*t**2 + 5*t - 1. What is n(u)?
-1
Let g(z) be the third derivative of z**4/24 - z**3/6 + z**2. Let s be 6*-1*4*(-3)/18. Suppose 0 = 4*f + 2*j + 8 - s, 2*f = -2*j - 6. What is g(f)?
0
Let q(o) be the second derivative of o**5/20 - 5*o**4/12 + o**3/3 - 3*o**2 - 25*o. Determine q(5).
4
Let o(w) be the first derivative of -w**4/24 + 2*w**3/3 - w**2 + 4. Let p(s) be the second derivative of o(s). Suppose 0 = -3*u + 4 + 5. Give p(u).
1
Let z(i) = -i**3 - 5*i**2 + 5*i - 8. Suppose 0 = -5*q - 2*l - 30, 0*q = -3*q - 2*l - 18. Determine z(q).
-2
Let z(t) = -9*t + 7 + 14*t**2 - t - 8*t**2. Let u(g) = -g**2 + 11*g - 8 - g**2 - 5*g**2. Let l(b) = 5*u(b) + 6*z(b). Determine l(6).
8
Let q(d) be the first derivative of -d**2 + 0*d + 1/60*d**5 + 3/2*d**3 - 1/4*d**4 + 3. Let s(z) be the second derivative of q(z). Give s(6).
9
Let w(n) = -5 + 19*n + 0*n - 10*n. Give w(6).
49
Let z(v) = v + 4. Let d = 265 - 270. Give z(d).
-1
Let q(v) = -5*v + 4. Let m(l) = l**2 - 5*l - 6. Let y be m(8). Suppose 10*x - 13*x = -y. Suppose i + 1 = 2*r - x, 7 = 3*r + 2*i. Give q(r).
-11
Let b(r) = 2*r**2 - 4*r - 10. Let x(g) = -g + 1. Let s(y) = b(y) + 3*x(y). Give s(6).
23
Let i(h) = 7*h - 9. Let q = 2181 + -2179. Give i(q).
5
Let n(z) = -z - 7. Let y be (18/(-4))/((-2)/(-28)). Let i = 53 + y. What is n(i)?
3
Let n(c) = -c**3 - 4*c**2 + 3*c - 2. Let g(b) = -5*b - 95. Let u be g(-18). Calculate n(u).
8
Let g(q) = -q**2 - 3*q - 2. Suppose -5*h = 5*u, 0 = -5*h - 3*u - 44 + 34. Calculate g(h).
-12
Let t(n) = -n - 3*n + 3*n - n**2 + 15. Suppose -14*z + 16*z + 5*q = 15, 4*q = 12. What is t(z)?
15
Let h(o) = o. Let d(x) = x**2 - x - 1. Let n(c) = d(c) + 6*h(c). Suppose 0 = -3*j + 6*j - 102. Suppose 6*p + 64 - j = 0. What is n(p)?
-1
Let q(d) be the second derivative of 0 + 1/12*d**4 + 39*d - 9/2*d**2 + d**3. Calculate q(-7).
-2
Let h(f) = 83*f - 39*f - 42*f. Give h(-5).
-10
Suppose -115 + 16 = -9*t. Let f(a) = 3*a**2 + 9*a + 10. Let s(m) = 8*m**2 + 26*m + 30. Let o(h) = t*f(h) - 4*s(h). What is o(7)?
4
Let v(t) = 4*t - 2. Let h be v(2). Suppose -y + 4*y - h = 0. Let o(f) = 2*f**2 + 3*f - 2 - y - 7*f**2 + f**3 + f**2. Determine o(4).
8
Let t(u) be the first derivative of -u**4/24 + 12*u**2 - 19. Let i(q) be the second derivative of t(q). Determine i(-6).
6
Let r(o) = 3*o**3 + 6*o + 1. Let q(a) = -7*a**3 - a**2 - 13*a - 2. Let g(p) = -2*q(p) - 5*r(p). Calculate g(3).
-22
Suppose -2*g - 29*g - 260 = 34*g. Let y(c) be the first derivative of c**4/4 + 5*c**3/3 + 3*c**2/2 - 3*c + 1. Calculate y(g).
1
Let a(y) = -3*y**2 - 2. Let w(z) = -13*z**2 - 9. Let q(m) = -9*a(m) + 2*w(m). Let k be -1 + 80/(-35) + (-2)/(-7). Calculate q(k).
9
Let d(v) be the first derivative of -v**4/4 + 4*v**3/3 + 5*v**2/2 - 7*v - 121. Calculate d(5).
-7
Let n(w) = 2*w**2 + 15*w - 29. Let s(g) = -3*g**2 - 29*g + 60. Let a(h) = -5*n(h) - 3*s(h). What is a(7)?
0
Let y(c) = c**3 - 18*c**2 - 16*c - 51. Let o be y(19). Let p(h) = h - 7. Determine p(o).
-1
Let l(j) = -40*j**2 + 8 + 91*j**2 + j**3 - 47*j**2 - 2*j. Calculate l(-5).
-7
Let a(f) be the second derivative of -f**3/2 - 7*f**2/2 + 47*f. Give a(-7).
14
Let p(q) = -2*q + 9. Let i(g) = -g. Let t(k) = -i(k) + p(k). Let n be t(6). Let f(y) = 2*y**2 + 2 - 5*y**2 - y + 2*y**2 + 2. Determine f(n).
-8
Let o be ((-2)/8)/((-14)/224). Let b(r) = r**3 - 5*r**2 + 3*r. Determine b(o).
-4
Let n(d) be the third derivative of d**6/120 + d**5/30 + d**4/8 + d**3/6 + d**2. Suppose -10 = -9*r + 8. Let t be 11/(-6) + r*(-3)/36. Give n(t).
-5
Suppose -14*w = -128 + 86. Let p be (3 - -1) + -1 + -1. Let n(d) = d**3 + 4 - 3 - 2*d**3 - 2*d + 2*d**p. Calculate n(w).
-14
Suppose -2*w + 28 = -0*w. Let j be (w - 0)/((-2)/(-1)). Let b(f) = -7*f - 13*f**2 - f**3 + 21*f**2 + 8 - 2. Give b(j).
6
Let a(f) be the second derivative of f**4/6 - f